{"id":128,"date":"2026-05-14T05:53:38","date_gmt":"2026-05-14T03:53:38","guid":{"rendered":"https:\/\/lanouvelleacademieroutiere.fr\/?page_id=128"},"modified":"2026-05-14T06:31:32","modified_gmt":"2026-05-14T04:31:32","slug":"autres-forfaits","status":"publish","type":"page","link":"https:\/\/lanouvelleacademieroutiere.fr\/index.php\/autres-forfaits\/","title":{"rendered":"Autres Forfaits"},"content":{"rendered":"\t\t<div data-elementor-type=\"wp-page\" data-elementor-id=\"128\" class=\"elementor elementor-128\">\n\t\t\t\t<div class=\"elementor-element elementor-element-3439385b e-flex e-con-boxed e-con e-parent\" data-id=\"3439385b\" data-element_type=\"container\" data-e-type=\"container\">\n\t\t\t\t\t<div class=\"e-con-inner\">\n\t\t<div class=\"elementor-element elementor-element-11e312ba e-con-full e-flex e-con e-child\" data-id=\"11e312ba\" data-element_type=\"container\" data-e-type=\"container\">\n\t\t\t\t<div class=\"elementor-element elementor-element-14ab132a elementor-invisible elementor-widget elementor-widget-heading\" data-id=\"14ab132a\" data-element_type=\"widget\" data-e-type=\"widget\" data-settings=\"{&quot;_animation&quot;:&quot;fadeIn&quot;}\" data-widget_type=\"heading.default\">\n\t\t\t\t\t<h1 class=\"elementor-heading-title elementor-size-default\">Autres Forfaits<\/h1>\t\t\t\t<\/div>\n\t\t\t\t<\/div>\n\t\t\t\t<div class=\"elementor-element elementor-element-617c19bd e-con e-atomic-element e-div-block-base\" data-id=\"617c19bd\" data-element_type=\"e-div-block\" data-e-type=\"e-div-block\" data-interaction-id=\"617c19bd\">\n\t\t\t\t\t\t\t<h1 \n\t\tdata-interaction-id=\"7faa7ab\" \n\t\tclass=\"e-7faa7ab-7f8f5c3 e-heading-base\" \n\t\t \n\t\t\n\t>\n\t\n\t\t\t<strong>Forfait 9H<\/strong>\n\t\t<\/h1>\n\t\t\t\t<\/div>\n\t\t<div class=\"elementor-element elementor-element-3daa303d e-con-full e-flex e-con e-child\" data-id=\"3daa303d\" data-element_type=\"container\" data-e-type=\"container\">\n\t\t<div class=\"elementor-element elementor-element-327c5a11 e-con-full e-flex e-con e-child\" data-id=\"327c5a11\" data-element_type=\"container\" data-e-type=\"container\">\n\t\t<div class=\"elementor-element elementor-element-7fcc266b e-con-full e-flex e-con e-child\" data-id=\"7fcc266b\" data-element_type=\"container\" data-e-type=\"container\">\n\t\t\t\t<div class=\"elementor-element elementor-element-fb1528c elementor-widget elementor-widget-heading\" data-id=\"fb1528c\" data-element_type=\"widget\" data-e-type=\"widget\" data-widget_type=\"heading.default\">\n\t\t\t\t\t<h2 class=\"elementor-heading-title elementor-size-default\">530 \u20ac<\/h2>\t\t\t\t<\/div>\n\t\t\t\t<div class=\"elementor-element elementor-element-5a83a28f elementor-widget-divider--view-line elementor-widget elementor-widget-divider\" data-id=\"5a83a28f\" data-element_type=\"widget\" data-e-type=\"widget\" data-widget_type=\"divider.default\">\n\t\t\t\t\t\t\t<div class=\"elementor-divider\">\n\t\t\t<span class=\"elementor-divider-separator\">\n\t\t\t\t\t\t<\/span>\n\t\t<\/div>\n\t\t\t\t\t\t<\/div>\n\t\t\t\t<div class=\"elementor-element elementor-element-73e55dda elementor-widget elementor-widget-text-editor\" data-id=\"73e55dda\" data-element_type=\"widget\" data-e-type=\"widget\" data-widget_type=\"text-editor.default\">\n\t\t\t\t\t\t\t\t\t<p><strong>Le forfait comprend :<\/strong><\/p><p>9h de conduite\u00a0<\/p>\t\t\t\t\t\t\t\t<\/div>\n\t\t\t\t<\/div>\n\t\t\t\t<\/div>\n\t\t\t\t<\/div>\n\t\t\t\t<div class=\"elementor-element elementor-element-35c726a e-con e-atomic-element e-div-block-base\" data-id=\"35c726a\" data-element_type=\"e-div-block\" data-e-type=\"e-div-block\" data-interaction-id=\"35c726a\">\n\t\t\t\t\t\t\t<h1 \n\t\tdata-interaction-id=\"8bfe197\" \n\t\tclass=\"e-8bfe197-3be521c e-heading-base\" \n\t\t \n\t\t\n\t>\n\t\n\t\t\t<strong>Pack supervis\u00e9<\/strong>\n\t\t<\/h1>\n\t\t\t\t<\/div>\n\t\t<div class=\"elementor-element elementor-element-412823f e-con-full e-flex e-con e-child\" data-id=\"412823f\" data-element_type=\"container\" data-e-type=\"container\">\n\t\t<div class=\"elementor-element elementor-element-2f37344 e-con-full e-flex e-con e-child\" data-id=\"2f37344\" data-element_type=\"container\" data-e-type=\"container\">\n\t\t<div class=\"elementor-element elementor-element-e7e3780 e-con-full e-flex e-con e-child\" data-id=\"e7e3780\" data-element_type=\"container\" data-e-type=\"container\">\n\t\t\t\t<div class=\"elementor-element elementor-element-186491b elementor-widget elementor-widget-heading\" data-id=\"186491b\" data-element_type=\"widget\" data-e-type=\"widget\" data-widget_type=\"heading.default\">\n\t\t\t\t\t<h2 class=\"elementor-heading-title elementor-size-default\">190 \u20ac<\/h2>\t\t\t\t<\/div>\n\t\t\t\t<div class=\"elementor-element elementor-element-9e87834 elementor-widget-divider--view-line elementor-widget elementor-widget-divider\" data-id=\"9e87834\" data-element_type=\"widget\" data-e-type=\"widget\" data-widget_type=\"divider.default\">\n\t\t\t\t\t\t\t<div class=\"elementor-divider\">\n\t\t\t<span class=\"elementor-divider-separator\">\n\t\t\t\t\t\t<\/span>\n\t\t<\/div>\n\t\t\t\t\t\t<\/div>\n\t\t\t\t<div class=\"elementor-element elementor-element-6e1a604 elementor-widget elementor-widget-text-editor\" data-id=\"6e1a604\" data-element_type=\"widget\" data-e-type=\"widget\" data-widget_type=\"text-editor.default\">\n\t\t\t\t\t\t\t\t\t<p><strong>Le forfait comprend :<\/strong><\/p><p>2 heures de rendez-vous pr\u00e9alable<\/p><p>+ 1h de bilan\u00a0<\/p>\t\t\t\t\t\t\t\t<\/div>\n\t\t\t\t<\/div>\n\t\t\t\t<\/div>\n\t\t\t\t<\/div>\n\t\t\t\t<div class=\"elementor-element elementor-element-9043d3c e-con e-atomic-element e-div-block-base\" data-id=\"9043d3c\" data-element_type=\"e-div-block\" data-e-type=\"e-div-block\" data-interaction-id=\"9043d3c\">\n\t\t\t\t\t\t\t<h1 \n\t\tdata-interaction-id=\"c42f935\" \n\t\tclass=\"e-c42f935-1d7545d e-heading-base\" \n\t\t \n\t\t\n\t>\n\t\n\t\t\t<strong>Forfait passerelle<\/strong>\n\t\t<\/h1>\n\t\t\t\t<\/div>\n\t\t<div class=\"elementor-element elementor-element-d777596 e-con-full e-flex e-con e-child\" data-id=\"d777596\" data-element_type=\"container\" data-e-type=\"container\">\n\t\t<div class=\"elementor-element elementor-element-06cfbe2 e-con-full e-flex e-con e-child\" data-id=\"06cfbe2\" data-element_type=\"container\" data-e-type=\"container\">\n\t\t<div class=\"elementor-element elementor-element-b8e964a e-con-full e-flex e-con e-child\" data-id=\"b8e964a\" data-element_type=\"container\" data-e-type=\"container\">\n\t\t\t\t<div class=\"elementor-element elementor-element-aab7bf5 elementor-widget elementor-widget-heading\" data-id=\"aab7bf5\" data-element_type=\"widget\" data-e-type=\"widget\" data-widget_type=\"heading.default\">\n\t\t\t\t\t<h2 class=\"elementor-heading-title elementor-size-default\">430 \u20ac<\/h2>\t\t\t\t<\/div>\n\t\t\t\t<div class=\"elementor-element elementor-element-09af8a1 elementor-widget-divider--view-line elementor-widget elementor-widget-divider\" data-id=\"09af8a1\" data-element_type=\"widget\" data-e-type=\"widget\" data-widget_type=\"divider.default\">\n\t\t\t\t\t\t\t<div class=\"elementor-divider\">\n\t\t\t<span class=\"elementor-divider-separator\">\n\t\t\t\t\t\t<\/span>\n\t\t<\/div>\n\t\t\t\t\t\t<\/div>\n\t\t\t\t<div class=\"elementor-element elementor-element-d518df4 elementor-widget elementor-widget-text-editor\" data-id=\"d518df4\" data-element_type=\"widget\" data-e-type=\"widget\" data-widget_type=\"text-editor.default\">\n\t\t\t\t\t\t\t\t\t<p><strong>Le forfait comprend :<\/strong><\/p><p>PASSERELLE bo\u00eete auto vers bo\u00eete manuelle\u00a0 (7h de conduite)\u00a0<\/p>\t\t\t\t\t\t\t\t<\/div>\n\t\t\t\t<\/div>\n\t\t\t\t<\/div>\n\t\t\t\t<\/div>\n\t\t\t\t<div class=\"elementor-element elementor-element-f6b1128 e-con e-atomic-element e-div-block-base\" data-id=\"f6b1128\" data-element_type=\"e-div-block\" data-e-type=\"e-div-block\" data-interaction-id=\"f6b1128\">\n\t\t\t\t\t\t\t<h1 \n\t\tdata-interaction-id=\"998c99d\" \n\t\tclass=\"e-998c99d-ff62ad4 e-heading-base\" \n\t\t \n\t\t\n\t>\n\t\n\t\t\t<strong>Prestation hors forfait<\/strong>\n\t\t<\/h1>\n\t\t\t\t<\/div>\n\t\t<div class=\"elementor-element elementor-element-3fe118e e-con-full e-flex e-con e-child\" data-id=\"3fe118e\" data-element_type=\"container\" data-e-type=\"container\">\n\t\t<div class=\"elementor-element elementor-element-c9f87cc e-con-full e-flex e-con e-child\" data-id=\"c9f87cc\" data-element_type=\"container\" data-e-type=\"container\">\n\t\t<div class=\"elementor-element elementor-element-0aacdaf e-con-full e-flex e-con e-child\" data-id=\"0aacdaf\" data-element_type=\"container\" data-e-type=\"container\">\n\t\t\t\t<div class=\"elementor-element elementor-element-98fd0f3 elementor-widget elementor-widget-heading\" data-id=\"98fd0f3\" data-element_type=\"widget\" data-e-type=\"widget\" data-widget_type=\"heading.default\">\n\t\t\t\t\t<h2 class=\"elementor-heading-title elementor-size-default\">1395 \u20ac<\/h2>\t\t\t\t<\/div>\n\t\t\t\t<div class=\"elementor-element elementor-element-e127615 elementor-widget-divider--view-line elementor-widget elementor-widget-divider\" data-id=\"e127615\" data-element_type=\"widget\" data-e-type=\"widget\" data-widget_type=\"divider.default\">\n\t\t\t\t\t\t\t<div class=\"elementor-divider\">\n\t\t\t<span class=\"elementor-divider-separator\">\n\t\t\t\t\t\t<\/span>\n\t\t<\/div>\n\t\t\t\t\t\t<\/div>\n\t\t\t\t<div class=\"elementor-element elementor-element-680a583 elementor-widget elementor-widget-text-editor\" data-id=\"680a583\" data-element_type=\"widget\" data-e-type=\"widget\" data-widget_type=\"text-editor.default\">\n\t\t\t\t\t\t\t\t\t<div class=\"elementor-column elementor-col-50 elementor-inner-column elementor-element elementor-element-0d7788d\" data-id=\"0d7788d\" data-element_type=\"column\" data-e-type=\"column\"><div class=\"elementor-element elementor-element-8b5df5d elementor-widget elementor-widget-text-editor\" data-id=\"8b5df5d\" data-element_type=\"widget\" data-e-type=\"widget\" data-widget_type=\"text-editor.default\"><div class=\"elementor-widget-container\"><p>Evaluation de d\u00e9part : 45 \u20ac<\/p><p>Gestion administrative : 120 \u20ac<\/p><p>E-Photos : 8 \u20ac<\/p><p>Kit p\u00e9dagogique num\u00e9rique : 25 \u20ac<\/p><p>Frais d\u2019accompagnement l\u2019examen pratique : 64 \u20ac<\/p><\/div><\/div><\/div><div class=\"elementor-column elementor-col-50 elementor-inner-column elementor-element elementor-element-547706b\" data-id=\"547706b\" data-element_type=\"column\" data-e-type=\"column\"><div class=\"elementor-widget-wrap elementor-element-populated\"><div class=\"elementor-element elementor-element-7f59d0c elementor-widget elementor-widget-text-editor\" data-id=\"7f59d0c\" data-element_type=\"widget\" data-e-type=\"widget\" data-widget_type=\"text-editor.default\"><div class=\"elementor-widget-container\"><p>RDV p\u00e9dagogique pratique : 96 \u20ac<\/p><p>RDV p\u00e9dagogique en salle : 50 \u20ac<\/p><p>Livre de code : 20 \u20ac<\/p><p>Livre de v\u00e9rification : 10 \u20ac<\/p><p>Cours de conduite : (1h30) 96 \u20ac<\/p><p>Demande de titre ANTS apr\u00e8s r\u00e9ussite \u00e0 l\u2019examen : 40 \u20ac<\/p><\/div><\/div><\/div><\/div>\t\t\t\t\t\t\t\t<\/div>\n\t\t\t\t<\/div>\n\t\t\t\t<\/div>\n\t\t\t\t<\/div>\n\t\t\t\t\t<\/div>\n\t\t\t\t<\/div>\n\t\t\t\t<\/div>\n\t\t","protected":false},"excerpt":{"rendered":"<p>Autres Forfaits Forfait 9H 530 \u20ac Le forfait comprend : 9h de conduite\u00a0 Pack supervis\u00e9 190 \u20ac Le forfait comprend : 2 heures de rendez-vous pr\u00e9alable + 1h de bilan\u00a0 Forfait passerelle 430 \u20ac Le forfait comprend : PASSERELLE bo\u00eete auto vers bo\u00eete manuelle\u00a0 (7h de conduite)\u00a0 Prestation hors forfait 1395 \u20ac Evaluation de d\u00e9part [&hellip;]<\/p>\n","protected":false},"author":1,"featured_media":0,"parent":0,"menu_order":0,"comment_status":"closed","ping_status":"closed","template":"","meta":{"footnotes":""},"class_list":["post-128","page","type-page","status-publish","hentry"],"yoast_head":"<!-- This site is optimized with the Yoast SEO plugin v27.6 - https:\/\/yoast.com\/product\/yoast-seo-wordpress\/ -->\n<title>Autres Forfaits -<\/title>\n<meta name=\"robots\" content=\"index, follow, max-snippet:-1, max-image-preview:large, max-video-preview:-1\" \/>\n<link rel=\"canonical\" href=\"https:\/\/lanouvelleacademieroutiere.fr\/index.php\/autres-forfaits\/\" \/>\n<meta property=\"og:locale\" content=\"fr_FR\" \/>\n<meta property=\"og:type\" content=\"article\" \/>\n<meta property=\"og:title\" content=\"Autres Forfaits -\" \/>\n<meta property=\"og:description\" content=\"Autres Forfaits Forfait 9H 530 \u20ac Le forfait comprend : 9h de conduite\u00a0 Pack supervis\u00e9 190 \u20ac Le forfait comprend : 2 heures de rendez-vous pr\u00e9alable + 1h de bilan\u00a0 Forfait passerelle 430 \u20ac Le forfait comprend : PASSERELLE bo\u00eete auto vers bo\u00eete manuelle\u00a0 (7h de conduite)\u00a0 Prestation hors forfait 1395 \u20ac Evaluation de d\u00e9part [&hellip;]\" \/>\n<meta property=\"og:url\" content=\"https:\/\/lanouvelleacademieroutiere.fr\/index.php\/autres-forfaits\/\" \/>\n<meta property=\"article:modified_time\" content=\"2026-05-14T04:31:32+00:00\" \/>\n<meta name=\"twitter:card\" content=\"summary_large_image\" \/>\n<script type=\"application\/ld+json\" class=\"yoast-schema-graph\">{\"@context\":\"https:\\\/\\\/schema.org\",\"@graph\":[{\"@type\":\"WebPage\",\"@id\":\"https:\\\/\\\/lanouvelleacademieroutiere.fr\\\/index.php\\\/autres-forfaits\\\/\",\"url\":\"https:\\\/\\\/lanouvelleacademieroutiere.fr\\\/index.php\\\/autres-forfaits\\\/\",\"name\":\"Autres Forfaits -\",\"isPartOf\":{\"@id\":\"https:\\\/\\\/lanouvelleacademieroutiere.fr\\\/#website\"},\"datePublished\":\"2026-05-14T03:53:38+00:00\",\"dateModified\":\"2026-05-14T04:31:32+00:00\",\"breadcrumb\":{\"@id\":\"https:\\\/\\\/lanouvelleacademieroutiere.fr\\\/index.php\\\/autres-forfaits\\\/#breadcrumb\"},\"inLanguage\":\"fr-FR\",\"potentialAction\":[{\"@type\":\"ReadAction\",\"target\":[\"https:\\\/\\\/lanouvelleacademieroutiere.fr\\\/index.php\\\/autres-forfaits\\\/\"]}]},{\"@type\":\"BreadcrumbList\",\"@id\":\"https:\\\/\\\/lanouvelleacademieroutiere.fr\\\/index.php\\\/autres-forfaits\\\/#breadcrumb\",\"itemListElement\":[{\"@type\":\"ListItem\",\"position\":1,\"name\":\"Home\",\"item\":\"https:\\\/\\\/lanouvelleacademieroutiere.fr\\\/\"},{\"@type\":\"ListItem\",\"position\":2,\"name\":\"Autres Forfaits\"}]},{\"@type\":\"WebSite\",\"@id\":\"https:\\\/\\\/lanouvelleacademieroutiere.fr\\\/#website\",\"url\":\"https:\\\/\\\/lanouvelleacademieroutiere.fr\\\/\",\"name\":\"\",\"description\":\"\",\"potentialAction\":[{\"@type\":\"SearchAction\",\"target\":{\"@type\":\"EntryPoint\",\"urlTemplate\":\"https:\\\/\\\/lanouvelleacademieroutiere.fr\\\/?s={search_term_string}\"},\"query-input\":{\"@type\":\"PropertyValueSpecification\",\"valueRequired\":true,\"valueName\":\"search_term_string\"}}],\"inLanguage\":\"fr-FR\"}]}<\/script>\n<!-- \/ Yoast SEO plugin. -->","yoast_head_json":{"title":"Autres Forfaits -","robots":{"index":"index","follow":"follow","max-snippet":"max-snippet:-1","max-image-preview":"max-image-preview:large","max-video-preview":"max-video-preview:-1"},"canonical":"https:\/\/lanouvelleacademieroutiere.fr\/index.php\/autres-forfaits\/","og_locale":"fr_FR","og_type":"article","og_title":"Autres Forfaits -","og_description":"Autres Forfaits Forfait 9H 530 \u20ac Le forfait comprend : 9h de conduite\u00a0 Pack supervis\u00e9 190 \u20ac Le forfait comprend : 2 heures de rendez-vous pr\u00e9alable + 1h de bilan\u00a0 Forfait passerelle 430 \u20ac Le forfait comprend : PASSERELLE bo\u00eete auto vers bo\u00eete manuelle\u00a0 (7h de conduite)\u00a0 Prestation hors forfait 1395 \u20ac Evaluation de d\u00e9part [&hellip;]","og_url":"https:\/\/lanouvelleacademieroutiere.fr\/index.php\/autres-forfaits\/","article_modified_time":"2026-05-14T04:31:32+00:00","twitter_card":"summary_large_image","schema":{"@context":"https:\/\/schema.org","@graph":[{"@type":"WebPage","@id":"https:\/\/lanouvelleacademieroutiere.fr\/index.php\/autres-forfaits\/","url":"https:\/\/lanouvelleacademieroutiere.fr\/index.php\/autres-forfaits\/","name":"Autres Forfaits -","isPartOf":{"@id":"https:\/\/lanouvelleacademieroutiere.fr\/#website"},"datePublished":"2026-05-14T03:53:38+00:00","dateModified":"2026-05-14T04:31:32+00:00","breadcrumb":{"@id":"https:\/\/lanouvelleacademieroutiere.fr\/index.php\/autres-forfaits\/#breadcrumb"},"inLanguage":"fr-FR","potentialAction":[{"@type":"ReadAction","target":["https:\/\/lanouvelleacademieroutiere.fr\/index.php\/autres-forfaits\/"]}]},{"@type":"BreadcrumbList","@id":"https:\/\/lanouvelleacademieroutiere.fr\/index.php\/autres-forfaits\/#breadcrumb","itemListElement":[{"@type":"ListItem","position":1,"name":"Home","item":"https:\/\/lanouvelleacademieroutiere.fr\/"},{"@type":"ListItem","position":2,"name":"Autres Forfaits"}]},{"@type":"WebSite","@id":"https:\/\/lanouvelleacademieroutiere.fr\/#website","url":"https:\/\/lanouvelleacademieroutiere.fr\/","name":"","description":"","potentialAction":[{"@type":"SearchAction","target":{"@type":"EntryPoint","urlTemplate":"https:\/\/lanouvelleacademieroutiere.fr\/?s={search_term_string}"},"query-input":{"@type":"PropertyValueSpecification","valueRequired":true,"valueName":"search_term_string"}}],"inLanguage":"fr-FR"}]}},"_links":{"self":[{"href":"https:\/\/lanouvelleacademieroutiere.fr\/index.php\/wp-json\/wp\/v2\/pages\/128","targetHints":{"allow":["GET"]}}],"collection":[{"href":"https:\/\/lanouvelleacademieroutiere.fr\/index.php\/wp-json\/wp\/v2\/pages"}],"about":[{"href":"https:\/\/lanouvelleacademieroutiere.fr\/index.php\/wp-json\/wp\/v2\/types\/page"}],"author":[{"embeddable":true,"href":"https:\/\/lanouvelleacademieroutiere.fr\/index.php\/wp-json\/wp\/v2\/users\/1"}],"replies":[{"embeddable":true,"href":"https:\/\/lanouvelleacademieroutiere.fr\/index.php\/wp-json\/wp\/v2\/comments?post=128"}],"version-history":[{"count":10,"href":"https:\/\/lanouvelleacademieroutiere.fr\/index.php\/wp-json\/wp\/v2\/pages\/128\/revisions"}],"predecessor-version":[{"id":173,"href":"https:\/\/lanouvelleacademieroutiere.fr\/index.php\/wp-json\/wp\/v2\/pages\/128\/revisions\/173"}],"wp:attachment":[{"href":"https:\/\/lanouvelleacademieroutiere.fr\/index.php\/wp-json\/wp\/v2\/media?parent=128"}],"curies":[{"name":"wp","href":"https:\/\/api.w.org\/{rel}","templated":true}]}}